{"id":91,"date":"2025-10-07T12:23:19","date_gmt":"2025-10-07T12:23:19","guid":{"rendered":"https:\/\/ibercap.es\/?page_id=91"},"modified":"2025-10-08T19:20:19","modified_gmt":"2025-10-08T19:20:19","slug":"solicita-financiamiento-para-tu-negocio","status":"publish","type":"page","link":"https:\/\/ibercap.es\/index.php\/solicita-financiamiento-para-tu-negocio\/","title":{"rendered":"Solicita Financiamiento Para Tu Negocio"},"content":{"rendered":"<p>[et_pb_section fb_built=&#8221;1&#8243; _builder_version=&#8221;4.27.4&#8243; _module_preset=&#8221;default&#8221; background_color=&#8221;#0c0c0c&#8221; global_colors_info=&#8221;{}&#8221;][et_pb_row column_structure=&#8221;1_2,1_2&#8243; _builder_version=&#8221;4.27.4&#8243; _module_preset=&#8221;default&#8221; module_alignment=&#8221;center&#8221; custom_margin=&#8221;60px||||false|false&#8221; custom_margin_tablet=&#8221;60px||||false|false&#8221; custom_margin_phone=&#8221;60px||||false|false&#8221; custom_margin_last_edited=&#8221;on|phone&#8221; global_colors_info=&#8221;{}&#8221;][et_pb_column type=&#8221;1_2&#8243; _builder_version=&#8221;4.27.4&#8243; _module_preset=&#8221;default&#8221; global_colors_info=&#8221;{}&#8221;][et_pb_text _builder_version=&#8221;4.27.4&#8243; _module_preset=&#8221;default&#8221; text_text_color=&#8221;#FFFFFF&#8221; header_text_color=&#8221;#E09900&#8243; text_orientation=&#8221;center&#8221; hover_enabled=&#8221;0&#8243; global_colors_info=&#8221;{}&#8221; sticky_enabled=&#8221;0&#8243;]<\/p>\n<div class=\"elementor-element elementor-element-d30dc2f elementor-hidden-mobile elementor-widget elementor-widget-text-editor\" data-id=\"d30dc2f\" data-element_type=\"widget\" data-widget_type=\"text-editor.default\">\n<div class=\"elementor-widget-container\">\n<h1><strong>Apoyo Empresarial con Ibercap<\/strong><\/h1>\n<\/div>\n<\/div>\n<section class=\"elementor-section elementor-inner-section elementor-element elementor-element-3f571c4 elementor-section-full_width elementor-section-height-default elementor-section-height-default\" data-id=\"3f571c4\" data-element_type=\"section\" data-settings=\"{&quot;background_background&quot;:&quot;classic&quot;}\">\n<div class=\"elementor-container elementor-column-gap-default\">\n<div class=\"elementor-column elementor-col-100 elementor-inner-column elementor-element elementor-element-c980055\" data-id=\"c980055\" data-element_type=\"column\" data-settings=\"{&quot;background_background&quot;:&quot;classic&quot;}\">\n<div class=\"elementor-widget-wrap elementor-element-populated\">\n<div class=\"elementor-background-overlay\"><\/div>\n<div class=\"elementor-element elementor-element-3bea2cc elementor-widget elementor-widget-text-editor\" data-id=\"3bea2cc\" data-element_type=\"widget\" data-widget_type=\"text-editor.default\">\n<div class=\"elementor-widget-container\">\n<p>Puedes solicitar financiamiento para peque\u00f1as y medianas empresas aprovechando las inversiones basadas en regal\u00edas que Ibercap inyecta en miles de PYMEs como la tuya cada a\u00f1o en toda Espa\u00f1a.<\/p>\n<p>Si necesitas acceder r\u00e1pidamente a dinero en efectivo, aseg\u00farate de trabajar con un proveedor de financiamiento que tenga buena reputaci\u00f3n y sea confiable como Ibercap.<\/p>\n<p>El proceso de financiamiento es simple: una vez que nos hayas facilitado tus datos en el formulario de solicitud, uno de nuestros asesores de inversi\u00f3n se pondr\u00e1 en contacto contigo para solicitarte un par de documentos adicionales, de modo que puedan evaluar tu solicitud de financiaci\u00f3n el mismo d\u00eda.<\/p>\n<p>La mayor\u00eda de las empresas reciben una oferta de financiamiento en cuesti\u00f3n de horas. Normalmente, despu\u00e9s de que se ha confirmado el acuerdo, esos fondos tan necesarios llegar\u00e1n a tu cuenta ese mismo d\u00eda, sin cargos ocultos o intereses compuestos; trabajamos con nuestros clientes de una manera clara, directa y sostenible.<\/p>\n<\/div>\n<\/div>\n<\/div>\n<\/div>\n<\/div>\n<\/section>\n<p>[\/et_pb_text][\/et_pb_column][et_pb_column type=&#8221;1_2&#8243; _builder_version=&#8221;4.27.4&#8243; _module_preset=&#8221;default&#8221; global_colors_info=&#8221;{}&#8221;][et_pb_text module_class=&#8221;one_col_form&#8221; _builder_version=&#8221;4.27.4&#8243; _module_preset=&#8221;default&#8221; text_text_color=&#8221;#FFFFFF&#8221; custom_margin=&#8221;-50px||||false|false&#8221; custom_margin_tablet=&#8221;0px||||false|false&#8221; custom_margin_phone=&#8221;0px||||false|false&#8221; custom_margin_last_edited=&#8221;on|tablet&#8221; global_colors_info=&#8221;{}&#8221;]<\/p>\n\n<div class=\"wpcf7 no-js\" id=\"wpcf7-f228-o1\" lang=\"en-GB\" dir=\"ltr\" data-wpcf7-id=\"228\">\n<div class=\"screen-reader-response\"><p role=\"status\" aria-live=\"polite\" aria-atomic=\"true\"><\/p> <ul><\/ul><\/div>\n<form action=\"\/index.php\/wp-json\/wp\/v2\/pages\/91#wpcf7-f228-o1\" method=\"post\" class=\"wpcf7-form init\" aria-label=\"Contact form\" novalidate=\"novalidate\" data-status=\"init\">\n<fieldset class=\"hidden-fields-container\"><input type=\"hidden\" name=\"_wpcf7\" value=\"228\" \/><input type=\"hidden\" name=\"_wpcf7_version\" value=\"6.1.4\" \/><input type=\"hidden\" name=\"_wpcf7_locale\" value=\"en_GB\" \/><input type=\"hidden\" name=\"_wpcf7_unit_tag\" value=\"wpcf7-f228-o1\" \/><input type=\"hidden\" name=\"_wpcf7_container_post\" value=\"0\" \/><input type=\"hidden\" name=\"_wpcf7_posted_data_hash\" value=\"\" \/>\n<\/fieldset>\n<div class=\"single-column-financing-form\">\n\t<h2 class=\"form-title\">SOLICITA FINANCIACI\u00d3N PARA TU NEGOCIO HOY\n\t<\/h2>\n\t<div class=\"full-width-field\">\n\t\t<p><label>Nombre<\/label><br \/>\n<span class=\"wpcf7-form-control-wrap\" data-name=\"your-name\"><input size=\"40\" maxlength=\"400\" class=\"wpcf7-form-control wpcf7-text wpcf7-validates-as-required\" aria-required=\"true\" aria-invalid=\"false\" value=\"\" type=\"text\" name=\"your-name\" \/><\/span>\n\t\t<\/p>\n\t<\/div>\n\t<div class=\"full-width-field\">\n\t\t<p><label>Apellidos<\/label><br \/>\n<span class=\"wpcf7-form-control-wrap\" data-name=\"your-lastname\"><input size=\"40\" maxlength=\"400\" class=\"wpcf7-form-control wpcf7-text wpcf7-validates-as-required\" aria-required=\"true\" aria-invalid=\"false\" value=\"\" type=\"text\" name=\"your-lastname\" \/><\/span>\n\t\t<\/p>\n\t<\/div>\n\t<div class=\"full-width-field\">\n\t\t<p><label>Nombre de la Empresa<\/label><br \/>\n<span class=\"wpcf7-form-control-wrap\" data-name=\"company-name\"><input size=\"40\" maxlength=\"400\" class=\"wpcf7-form-control wpcf7-text wpcf7-validates-as-required\" aria-required=\"true\" aria-invalid=\"false\" value=\"\" type=\"text\" name=\"company-name\" \/><\/span>\n\t\t<\/p>\n\t<\/div>\n\t<div class=\"full-width-field\">\n\t\t<p><label>A\u00f1os en Actividad<\/label><br \/>\n<span class=\"wpcf7-form-control-wrap\" data-name=\"years-in-business\"><select class=\"wpcf7-form-control wpcf7-select wpcf7-validates-as-required\" aria-required=\"true\" aria-invalid=\"false\" name=\"years-in-business\"><option value=\"---Por favor, elige una opci\u00f3n---\">---Por favor, elige una opci\u00f3n---<\/option><option value=\"0-1 a\u00f1os\">0-1 a\u00f1os<\/option><option value=\"1-2 a\u00f1os\">1-2 a\u00f1os<\/option><option value=\"2-5 a\u00f1os\">2-5 a\u00f1os<\/option><option value=\"5+ a\u00f1os\">5+ a\u00f1os<\/option><\/select><\/span>\n\t\t<\/p>\n\t<\/div>\n\t<div class=\"full-width-field\">\n\t\t<p><label>Correo Electr\u00f3nico del Negocio<\/label><br \/>\n<span class=\"wpcf7-form-control-wrap\" data-name=\"your-email\"><input size=\"40\" maxlength=\"400\" class=\"wpcf7-form-control wpcf7-email wpcf7-validates-as-required wpcf7-text wpcf7-validates-as-email\" aria-required=\"true\" aria-invalid=\"false\" value=\"\" type=\"email\" name=\"your-email\" \/><\/span>\n\t\t<\/p>\n\t<\/div>\n\t<div class=\"full-width-field\">\n\t\t<p><label>Correo Electr\u00f3nico Alternativo<\/label><br \/>\n<span class=\"wpcf7-form-control-wrap\" data-name=\"alternative-email\"><input size=\"40\" maxlength=\"400\" class=\"wpcf7-form-control wpcf7-email wpcf7-text wpcf7-validates-as-email\" aria-invalid=\"false\" value=\"\" type=\"email\" name=\"alternative-email\" \/><\/span>\n\t\t<\/p>\n\t<\/div>\n\t<div class=\"full-width-field\">\n\t\t<p><label>Tel\u00e9fono del Negocio<\/label><br \/>\n<span class=\"wpcf7-form-control-wrap\" data-name=\"business-phone\"><input size=\"40\" maxlength=\"400\" class=\"wpcf7-form-control wpcf7-tel wpcf7-validates-as-required wpcf7-text wpcf7-validates-as-tel\" aria-required=\"true\" aria-invalid=\"false\" placeholder=\"No olvides poner +34 al principio de tu n\u00famero\" value=\"\" type=\"tel\" name=\"business-phone\" \/><\/span>\n\t\t<\/p>\n\t<\/div>\n\t<div class=\"full-width-field\">\n\t\t<p><label>Tel\u00e9fono M\u00f3vil<\/label><br \/>\n<span class=\"wpcf7-form-control-wrap\" data-name=\"mobile-phone\"><input size=\"40\" maxlength=\"400\" class=\"wpcf7-form-control wpcf7-tel wpcf7-validates-as-required wpcf7-text wpcf7-validates-as-tel\" aria-required=\"true\" aria-invalid=\"false\" placeholder=\"No olvides poner +34 al principio de tu n\u00famero\" value=\"\" type=\"tel\" name=\"mobile-phone\" \/><\/span>\n\t\t<\/p>\n\t<\/div>\n\t<div class=\"full-width-field number-field-wrapper\">\n\t\t<p><label>Ventas Mensuales Promedio<\/label>\n\t\t<\/p>\n\t\t<p class=\"field-description\">Nuestra pol\u00edtica actual limita las inversiones a negocios que tengan un m\u00ednimo de 5.000\u20ac de ingresos mensuales\n\t\t<\/p>\n\t\t<p><span class=\"wpcf7-form-control-wrap\" data-name=\"avg-month-sales\"><input class=\"wpcf7-form-control wpcf7-number wpcf7-validates-as-required wpcf7-validates-as-number\" min=\"5000\" max=\"500000\" step=\"500\" aria-required=\"true\" aria-invalid=\"false\" value=\"5000\" type=\"number\" name=\"avg-month-sales\" \/><\/span>\n\t\t<\/p>\n\t<\/div>\n\t<div class=\"full-width-field number-field-wrapper\">\n\t\t<p><label>Cantidad Solicitada<\/label>\n\t\t<\/p>\n\t\t<p class=\"field-description\">Actualmente aceptamos solicitudes desde 1.000\u20ac hasta 100.000\u20ac\n\t\t<\/p>\n\t\t<p><span class=\"wpcf7-form-control-wrap\" data-name=\"requested-quantity\"><input class=\"wpcf7-form-control wpcf7-number wpcf7-validates-as-required wpcf7-validates-as-number\" min=\"1000\" max=\"100000\" step=\"500\" aria-required=\"true\" aria-invalid=\"false\" value=\"1000\" type=\"number\" name=\"requested-quantity\" \/><\/span>\n\t\t<\/p>\n\t<\/div>\n\t<p class=\"privacy-policy-notice\">Al usar este formulario accedes al almacenamiento y gesti\u00f3n de tus datos por parte de esta web seg\u00fan nuestra <a href=\"#\">Pol\u00edtica de Privacidad<\/a>.\n\t<\/p>\n\t<div class=\"submit-button-wrapper\">\n\t\t<p><input class=\"wpcf7-form-control wpcf7-submit has-spinner\" type=\"submit\" value=\"SOLICITAR AHORA\" \/>\n\t\t<\/p>\n\t<\/div>\n<\/div><div class=\"wpcf7-response-output\" aria-hidden=\"true\"><\/div>\n<\/form>\n<\/div>\n\n<p>[\/et_pb_text][\/et_pb_column][\/et_pb_row][\/et_pb_section][et_pb_section fb_built=&#8221;1&#8243; _builder_version=&#8221;4.27.4&#8243; _module_preset=&#8221;default&#8221; global_colors_info=&#8221;{}&#8221;][et_pb_row column_structure=&#8221;1_2,1_2&#8243; _builder_version=&#8221;4.27.4&#8243; _module_preset=&#8221;default&#8221; global_colors_info=&#8221;{}&#8221;][et_pb_column type=&#8221;1_2&#8243; _builder_version=&#8221;4.27.4&#8243; _module_preset=&#8221;default&#8221; global_colors_info=&#8221;{}&#8221;][et_pb_blurb title=&#8221;Planes de Pago Personalizados&#8221; image=&#8221;https:\/\/ibercap.es\/wp-content\/uploads\/2025\/10\/Pago-Personalizados-Solicita-Financiamiento-Para-Tu-Negocio-2.png&#8221; image_icon_width=&#8221;50%&#8221; _builder_version=&#8221;4.27.4&#8243; _module_preset=&#8221;default&#8221; header_level=&#8221;h3&#8243; header_font=&#8221;|600|||||||&#8221; header_text_align=&#8221;center&#8221; header_text_color=&#8221;#E09900&#8243; body_text_align=&#8221;center&#8221; global_colors_info=&#8221;{}&#8221;]<\/p>\n<p>Si ya no necesitas financiamiento, puedes ser elegible para devolver los fondos restantes a una tasa reducida, basada en las condiciones de tu saldo de inversi\u00f3n.<\/p>\n<p>[\/et_pb_blurb][et_pb_blurb title=&#8221;Sin Garant\u00edas Personales&#8221; image=&#8221;https:\/\/ibercap.es\/wp-content\/uploads\/2025\/10\/Personales-Solicita-Financiamiento-Para-Tu-Negocio.png&#8221; image_icon_width=&#8221;50%&#8221; _builder_version=&#8221;4.27.4&#8243; _module_preset=&#8221;default&#8221; header_level=&#8221;h3&#8243; header_font=&#8221;|600|||||||&#8221; header_text_align=&#8221;center&#8221; header_text_color=&#8221;#E09900&#8243; body_text_align=&#8221;center&#8221; global_colors_info=&#8221;{}&#8221;]<\/p>\n<p>Nuestras inversiones basadas en regal\u00edas se realizan a cambio de una parte de tus ingresos por ventas en curso. No requerimos garant\u00edas personales para que puedas calificar al financiamiento de tu empresa. La garant\u00eda son tus ventas, por lo que no necesitas arriesgar tu propiedad personal.<\/p>\n<p>[\/et_pb_blurb][\/et_pb_column][et_pb_column type=&#8221;1_2&#8243; _builder_version=&#8221;4.27.4&#8243; _module_preset=&#8221;default&#8221; global_colors_info=&#8221;{}&#8221;][et_pb_blurb title=&#8221;Capital de Trabajo Hasta 100.000\u20ac&#8221; image=&#8221;https:\/\/ibercap.es\/wp-content\/uploads\/2025\/10\/Hasta-100.000E-Solicita-Financiamiento-Para-Tu-Negocio.png&#8221; image_icon_width=&#8221;50%&#8221; _builder_version=&#8221;4.27.4&#8243; _module_preset=&#8221;default&#8221; header_level=&#8221;h3&#8243; header_font=&#8221;|600|||||||&#8221; header_text_align=&#8221;center&#8221; header_text_color=&#8221;#E09900&#8243; body_text_align=&#8221;center&#8221; global_colors_info=&#8221;{}&#8221;]<\/p>\n<p>Trabajamos junto a todos nuestros clientes para asegurar que los fondos se desplieguen de manera efectiva, apoyando la salud operativa a largo plazo y el crecimiento empresarial sostenible.<\/p>\n<p>[\/et_pb_blurb][et_pb_blurb title=&#8221;Solicita con Cualquier Puntuaci\u00f3n Crediticia&#8221; image=&#8221;https:\/\/ibercap.es\/wp-content\/uploads\/2025\/10\/Cualquier-Credito-Solicita-Financiamiento-Para-Tu-Negocio.png&#8221; image_icon_width=&#8221;50%&#8221; _builder_version=&#8221;4.27.4&#8243; _module_preset=&#8221;default&#8221; header_level=&#8221;h3&#8243; header_font=&#8221;|600|||||||&#8221; header_text_align=&#8221;center&#8221; header_text_color=&#8221;#E09900&#8243; body_text_align=&#8221;center&#8221; global_colors_info=&#8221;{}&#8221;]<\/p>\n<p>Determinamos tu elegibilidad para recibir un financiamiento bas\u00e1ndonos en modelos inteligentes desarrollados por Ibercap, lo que significa que tu puntuaci\u00f3n crediticia no deber\u00eda ser un obst\u00e1culo para recibir el dinero que necesita tu negocio.<\/p>\n<p>[\/et_pb_blurb][\/et_pb_column][\/et_pb_row][et_pb_row _builder_version=&#8221;4.27.4&#8243; _module_preset=&#8221;default&#8221; global_colors_info=&#8221;{}&#8221;][et_pb_column type=&#8221;4_4&#8243; _builder_version=&#8221;4.27.4&#8243; _module_preset=&#8221;default&#8221; global_colors_info=&#8221;{}&#8221;][et_pb_button button_url=&#8221;#&#8221; button_text=&#8221;solicita financiamiento para tu negocio&#8221; button_alignment=&#8221;center&#8221; _builder_version=&#8221;4.27.4&#8243; _module_preset=&#8221;default&#8221; custom_button=&#8221;on&#8221; button_text_color=&#8221;#000000&#8243; button_bg_color=&#8221;#E09900&#8243; button_border_width=&#8221;0px&#8221; button_border_radius=&#8221;50px&#8221; button_font=&#8221;|600|||||||&#8221; button_use_icon=&#8221;off&#8221; global_colors_info=&#8221;{}&#8221;][\/et_pb_button][\/et_pb_column][\/et_pb_row][\/et_pb_section]<\/p>\n","protected":false},"excerpt":{"rendered":"<p>Apoyo Empresarial con Ibercap Puedes solicitar financiamiento para peque\u00f1as y medianas empresas aprovechando las inversiones basadas en regal\u00edas que Ibercap inyecta en miles de PYMEs como la tuya cada a\u00f1o en toda Espa\u00f1a. Si necesitas acceder r\u00e1pidamente a dinero en efectivo, aseg\u00farate de trabajar con un proveedor de financiamiento que tenga buena reputaci\u00f3n y sea [&hellip;]<\/p>\n","protected":false},"author":1,"featured_media":0,"parent":0,"menu_order":0,"comment_status":"closed","ping_status":"closed","template":"","meta":{"_et_pb_use_builder":"on","_et_pb_old_content":"","_et_gb_content_width":"","inline_featured_image":false,"footnotes":""},"class_list":["post-91","page","type-page","status-publish","hentry"],"_links":{"self":[{"href":"https:\/\/ibercap.es\/index.php\/wp-json\/wp\/v2\/pages\/91","targetHints":{"allow":["GET"]}}],"collection":[{"href":"https:\/\/ibercap.es\/index.php\/wp-json\/wp\/v2\/pages"}],"about":[{"href":"https:\/\/ibercap.es\/index.php\/wp-json\/wp\/v2\/types\/page"}],"author":[{"embeddable":true,"href":"https:\/\/ibercap.es\/index.php\/wp-json\/wp\/v2\/users\/1"}],"replies":[{"embeddable":true,"href":"https:\/\/ibercap.es\/index.php\/wp-json\/wp\/v2\/comments?post=91"}],"version-history":[{"count":10,"href":"https:\/\/ibercap.es\/index.php\/wp-json\/wp\/v2\/pages\/91\/revisions"}],"predecessor-version":[{"id":316,"href":"https:\/\/ibercap.es\/index.php\/wp-json\/wp\/v2\/pages\/91\/revisions\/316"}],"wp:attachment":[{"href":"https:\/\/ibercap.es\/index.php\/wp-json\/wp\/v2\/media?parent=91"}],"curies":[{"name":"wp","href":"https:\/\/api.w.org\/{rel}","templated":true}]}}