{"id":265,"date":"2025-10-08T17:12:55","date_gmt":"2025-10-08T17:12:55","guid":{"rendered":"https:\/\/ibercap.es\/?page_id=265"},"modified":"2025-10-08T17:15:49","modified_gmt":"2025-10-08T17:15:49","slug":"condiciones-de-uso","status":"publish","type":"page","link":"https:\/\/ibercap.es\/index.php\/condiciones-de-uso\/","title":{"rendered":"condiciones de uso"},"content":{"rendered":"<p>[et_pb_section fb_built=&#8221;1&#8243; _builder_version=&#8221;4.27.4&#8243; _module_preset=&#8221;default&#8221; global_colors_info=&#8221;{}&#8221;][et_pb_row _builder_version=&#8221;4.27.4&#8243; _module_preset=&#8221;default&#8221; global_colors_info=&#8221;{}&#8221;][et_pb_column type=&#8221;4_4&#8243; _builder_version=&#8221;4.27.4&#8243; _module_preset=&#8221;default&#8221; global_colors_info=&#8221;{}&#8221;][et_pb_text _builder_version=&#8221;4.27.4&#8243; _module_preset=&#8221;default&#8221; header_2_text_color=&#8221;#E09900&#8243; custom_margin=&#8221;60px||||false|false&#8221; hover_enabled=&#8221;0&#8243; global_colors_info=&#8221;{}&#8221; sticky_enabled=&#8221;0&#8243;]<\/p>\n<div style=\"font-family: 'Helvetica Neue', Arial, sans-serif; color: #444444; line-height: 1.8; padding: 15px;\">\n<h2 style=\"color: #333333; font-size: 26px; font-weight: 600; text-align: center; margin-bottom: 30px;\">T\u00c9RMINOS DE USO DEL SITIO WEB<\/h2>\n<h3 style=\"color: #333333; font-size: 20px; font-weight: 600; margin-top: 30px; margin-bottom: 15px;\">1. Informaci\u00f3n General<\/h3>\n<p style=\"font-size: 16px; margin-bottom: 15px;\">En cumplimiento con el deber de informaci\u00f3n dispuesto en la Ley 34\/2002 de Servicios de la Sociedad de la Informaci\u00f3n y el Comercio Electr\u00f3nico (LSSI-CE) de 11 de julio, se facilitan a continuaci\u00f3n los siguientes datos de informaci\u00f3n general de este sitio web:<\/p>\n<div style=\"background-color: #f9f9f9; border-left: 4px solid #e09900; padding: 20px; margin: 20px 0;\">\n<p style=\"font-size: 16px; margin-bottom: 15px;\">La titularidad de este sitio web, <strong style=\"color: #222222; font-weight: bold;\">www.ibercap.es<\/strong>, (en adelante, Sitio Web) la ostenta: <strong style=\"color: #222222; font-weight: bold;\">IBERCAP TECH SL<\/strong>, provista de NIF: <strong style=\"color: #222222; font-weight: bold;\">[NIF de Ibercap]<\/strong> y cuyos datos de contacto son:<\/p>\n<p style=\"font-size: 16px; margin-bottom: 15px;\"><strong style=\"color: #222222; font-weight: bold;\">Direcci\u00f3n:<\/strong> C. de V\u00edctor Hugo, 1\u00ba, 4\u00ba Dcha, Centro, 28004 Madrid.<br \/><strong style=\"color: #222222; font-weight: bold;\">Tel\u00e9fono de contacto:<\/strong> +34 632348807<br \/><strong style=\"color: #222222; font-weight: bold;\">Email de contacto:<\/strong> <a href=\"mailto:info@ibercap.es\">info@ibercap.es<\/a><\/p>\n<\/div>\n<h3 style=\"color: #333333; font-size: 20px; font-weight: 600; margin-top: 30px; margin-bottom: 15px;\">2. T\u00e9rminos y Condiciones Generales de Uso<\/h3>\n<p style=\"font-size: 16px; margin-bottom: 15px;\"><strong style=\"color: #222222; font-weight: bold;\">El objeto de las condiciones: El Sitio Web<\/strong><br \/>El objeto de las presentes Condiciones Generales de Uso (en adelante, Condiciones) es regular el acceso y la utilizaci\u00f3n del Sitio Web. A los efectos de las presentes Condiciones se entender\u00e1 como Sitio Web: la apariencia externa de los interfaces de pantalla, tanto de forma est\u00e1tica como de forma din\u00e1mica, es decir, el \u00e1rbol de navegaci\u00f3n; y todos los elementos integrados tanto en los interfaces de pantalla como en el \u00e1rbol de navegaci\u00f3n (en adelante, Contenidos) y todos aquellos servicios o recursos en l\u00ednea que en su caso ofrezca a los Usuarios (en adelante, Servicios).<\/p>\n<p style=\"font-size: 16px; margin-bottom: 15px;\">IBERCAP TECH SL se reserva la facultad de modificar, en cualquier momento, y sin aviso previo, la presentaci\u00f3n y configuraci\u00f3n del Sitio Web y de los Contenidos y Servicios que en \u00e9l pudieran estar incorporados. El Usuario reconoce y acepta que en cualquier momento IBERCAP TECH SL pueda interrumpir, desactivar y\/o cancelar cualquiera de estos elementos que se integran en el Sitio Web o el acceso a los mismos.<\/p>\n<p style=\"font-size: 16px; margin-bottom: 15px;\"><strong style=\"color: #222222; font-weight: bold;\">El Usuario<\/strong><br \/>El acceso, la navegaci\u00f3n y uso del Sitio Web, confiere la condici\u00f3n de Usuario, por lo que se aceptan, desde que se inicia la navegaci\u00f3n por el Sitio Web, todas las Condiciones aqu\u00ed establecidas, as\u00ed como sus ulteriores modificaciones, sin perjuicio de la aplicaci\u00f3n de la correspondiente normativa legal de obligado cumplimiento seg\u00fan el caso. Dada la relevancia de lo anterior, se recomienda al Usuario leerlas cada vez que visite el Sitio Web.<\/p>\n<p style=\"font-size: 16px; margin-bottom: 15px;\">El Sitio Web de IBERCAP TECH SL proporciona gran diversidad de informaci\u00f3n, servicios y datos. El Usuario asume su responsabilidad para realizar un uso correcto del Sitio Web. Esta responsabilidad se extender\u00e1 a:<\/p>\n<ul style=\"list-style-type: disc; padding-left: 25px; margin-bottom: 15px;\">\n<li style=\"margin-bottom: 10px;\">Un uso de la informaci\u00f3n, Contenidos y\/o Servicios y datos ofrecidos por IBERCAP TECH SL sin que sea contrario a lo dispuesto por las presentes Condiciones, la Ley, la moral o el orden p\u00fablico, o que de cualquier otro modo puedan suponer lesi\u00f3n de los derechos de terceros o del mismo funcionamiento del Sitio Web.<\/li>\n<li style=\"margin-bottom: 10px;\">La veracidad y licitud de las informaciones aportadas por el Usuario en los formularios extendidos por IBERCAP TECH SL para el acceso a ciertos Contenidos o Servicios ofrecidos por el Sitio Web. En todo caso, el Usuario notificar\u00e1 de forma inmediata a IBERCAP TECH SL acerca de cualquier hecho que permita el uso indebido de la informaci\u00f3n registrada en dichos formularios, tales como, pero no s\u00f3lo, el robo, extrav\u00edo, o el acceso no autorizado a identificadores y\/o contrase\u00f1as, con el fin de proceder a su inmediata cancelaci\u00f3n.<\/li>\n<\/ul>\n<p style=\"font-size: 16px; margin-bottom: 15px;\">El mero acceso a este Sitio Web no supone entablar ning\u00fan tipo de relaci\u00f3n de car\u00e1cter comercial entre IBERCAP TECH SL y el Usuario.<\/p>\n<h3 style=\"color: #333333; font-size: 20px; font-weight: 600; margin-top: 30px; margin-bottom: 15px;\">3. Acceso y Navegaci\u00f3n en el Sitio Web: Exclusi\u00f3n de Garant\u00edas y Responsabilidad<\/h3>\n<p style=\"font-size: 16px; margin-bottom: 15px;\">En IBERCAP TECH SL trabajamos continuamente para garantizar la m\u00e1xima disponibilidad y fiabilidad de nuestro Sitio Web y de todos sus Contenidos y Servicios. IBERCAP TECH SL har\u00e1 todo lo posible por el buen funcionamiento del Sitio Web, sin embargo, no se responsabiliza ni garantiza que el acceso a este Sitio Web no vaya a ser ininterrumpido o que est\u00e9 libre de error.<\/p>\n<p style=\"font-size: 16px; margin-bottom: 15px;\">En ning\u00fan caso IBERCAP TECH SL ser\u00e1 responsable por las p\u00e9rdidas, da\u00f1os o perjuicios de cualquier tipo que surjan por el acceso, navegaci\u00f3n y el uso del Sitio Web, incluy\u00e9ndose, pero no limit\u00e1ndose, a los ocasionados a los sistemas inform\u00e1ticos o los provocados por la introducci\u00f3n de virus. IBERCAP TECH SL tampoco se hace responsable de los da\u00f1os que pudiesen ocasionarse a los usuarios por un uso inadecuado de este Sitio Web.<\/p>\n<h3 style=\"color: #333333; font-size: 20px; font-weight: 600; margin-top: 30px; margin-bottom: 15px;\">4. Pol\u00edtica de Enlaces<\/h3>\n<p style=\"font-size: 16px; margin-bottom: 15px;\">El Usuario o tercero que realice un hiperv\u00ednculo desde una p\u00e1gina web de otro, distinto, sitio web al Sitio Web de IBERCAP TECH SL deber\u00e1 saber que:<\/p>\n<ul style=\"list-style-type: disc; padding-left: 25px; margin-bottom: 15px;\">\n<li style=\"margin-bottom: 10px;\">No se permite la reproducci\u00f3n \u2014total o parcialmente\u2014 de ninguno de los Contenidos y\/o Servicios del Sitio Web sin autorizaci\u00f3n expresa de IBERCAP TECH SL.<\/li>\n<li style=\"margin-bottom: 10px;\">No se permite tampoco ninguna manifestaci\u00f3n falsa, inexacta o incorrecta sobre el Sitio Web de IBERCAP TECH SL, ni sobre los Contenidos y\/o Servicios del mismo.<\/li>\n<li style=\"margin-bottom: 10px;\">El establecimiento del hiperv\u00ednculo no implicar\u00e1 la existencia de relaciones entre IBERCAP TECH SL y el titular del sitio web desde el cual se realice, ni el conocimiento y aceptaci\u00f3n de IBERCAP TECH SL de los contenidos, servicios y\/o actividades ofrecidos en dicho sitio web, y viceversa.<\/li>\n<\/ul>\n<h3 style=\"color: #333333; font-size: 20px; font-weight: 600; margin-top: 30px; margin-bottom: 15px;\">5. Propiedad Intelectual e Industrial<\/h3>\n<p style=\"font-size: 16px; margin-bottom: 15px;\">IBERCAP TECH SL por s\u00ed o como parte cesionaria, es titular de todos los derechos de propiedad intelectual e industrial del Sitio Web, as\u00ed como de los elementos contenidos en el mismo. Todos los derechos reservados. En virtud de lo dispuesto en la Ley de Propiedad Intelectual, quedan expresamente prohibidas la reproducci\u00f3n, la distribuci\u00f3n y la comunicaci\u00f3n p\u00fablica, incluida su modalidad de puesta a disposici\u00f3n, de la totalidad o parte de los contenidos de esta p\u00e1gina web, con fines comerciales, en cualquier soporte y por cualquier medio t\u00e9cnico, sin la autorizaci\u00f3n de IBERCAP TECH SL.<\/p>\n<h3 style=\"color: #333333; font-size: 20px; font-weight: 600; margin-top: 30px; margin-bottom: 15px;\">6. Acciones Legales, Legislaci\u00f3n Aplicable y Jurisdicci\u00f3n<\/h3>\n<p style=\"font-size: 16px; margin-bottom: 15px;\">IBERCAP TECH SL se reserva la facultad de presentar las acciones civiles o penales que considere necesarias por la utilizaci\u00f3n indebida del Sitio Web y Contenidos, o por el incumplimiento de las presentes Condiciones.<\/p>\n<p style=\"font-size: 16px; margin-bottom: 15px;\">La relaci\u00f3n entre el Usuario y IBERCAP TECH SL se regir\u00e1 por la normativa vigente y de aplicaci\u00f3n en el territorio espa\u00f1ol. De surgir cualquier controversia en relaci\u00f3n con la interpretaci\u00f3n y\/o a la aplicaci\u00f3n de estas Condiciones las partes someter\u00e1n sus conflictos a la jurisdicci\u00f3n ordinaria someti\u00e9ndose a los jueces y tribunales que correspondan conforme a derecho.<\/p>\n<\/div>\n<p>[\/et_pb_text][\/et_pb_column][\/et_pb_row][\/et_pb_section]<\/p>\n","protected":false},"excerpt":{"rendered":"<p>T\u00c9RMINOS DE USO DEL SITIO WEB 1. Informaci\u00f3n General En cumplimiento con el deber de informaci\u00f3n dispuesto en la Ley 34\/2002 de Servicios de la Sociedad de la Informaci\u00f3n y el Comercio Electr\u00f3nico (LSSI-CE) de 11 de julio, se facilitan a continuaci\u00f3n los siguientes datos de informaci\u00f3n general de este sitio web: La titularidad de [&hellip;]<\/p>\n","protected":false},"author":1,"featured_media":0,"parent":0,"menu_order":0,"comment_status":"closed","ping_status":"closed","template":"","meta":{"_et_pb_use_builder":"on","_et_pb_old_content":"","_et_gb_content_width":"","inline_featured_image":false,"footnotes":""},"class_list":["post-265","page","type-page","status-publish","hentry"],"_links":{"self":[{"href":"https:\/\/ibercap.es\/index.php\/wp-json\/wp\/v2\/pages\/265","targetHints":{"allow":["GET"]}}],"collection":[{"href":"https:\/\/ibercap.es\/index.php\/wp-json\/wp\/v2\/pages"}],"about":[{"href":"https:\/\/ibercap.es\/index.php\/wp-json\/wp\/v2\/types\/page"}],"author":[{"embeddable":true,"href":"https:\/\/ibercap.es\/index.php\/wp-json\/wp\/v2\/users\/1"}],"replies":[{"embeddable":true,"href":"https:\/\/ibercap.es\/index.php\/wp-json\/wp\/v2\/comments?post=265"}],"version-history":[{"count":3,"href":"https:\/\/ibercap.es\/index.php\/wp-json\/wp\/v2\/pages\/265\/revisions"}],"predecessor-version":[{"id":269,"href":"https:\/\/ibercap.es\/index.php\/wp-json\/wp\/v2\/pages\/265\/revisions\/269"}],"wp:attachment":[{"href":"https:\/\/ibercap.es\/index.php\/wp-json\/wp\/v2\/media?parent=265"}],"curies":[{"name":"wp","href":"https:\/\/api.w.org\/{rel}","templated":true}]}}